{"id":6041,"date":"2019-01-21T10:38:56","date_gmt":"2019-01-21T09:38:56","guid":{"rendered":"http:\/\/www.lyc-poincare-palaiseau.ac-versailles.fr\/?page_id=6041"},"modified":"2023-09-20T17:05:08","modified_gmt":"2023-09-20T15:05:08","slug":"numerique-et-sciences-informatiques","status":"publish","type":"page","link":"https:\/\/lyc-poincare-palaiseau.ac-versailles.fr\/?page_id=6041","title":{"rendered":"Num\u00e9rique et Sciences Informatiques"},"content":{"rendered":"<section class=\"av_textblock_section \"  itemscope=\"itemscope\" itemtype=\"https:\/\/schema.org\/CreativeWork\" ><div class='avia_textblock  '   itemprop=\"text\" ><p>L&rsquo;enseignement de sp\u00e9cialit\u00e9 Num\u00e9rique et sciences informatiques propose aux lyc\u00e9ens de d\u00e9couvrir des notions en lien, entre autres, avec l&rsquo;histoire de l&rsquo;informatique, la repr\u00e9sentation et le traitement de donn\u00e9es, les interactions homme-machine, les algorithmes, le langage et la programmation. Le lyc\u00e9en s&rsquo;y approprie des notions de programmation en les appliquant \u00e0 de nombreux projets. La mise en \u0153uvre du programme multiplie les occasions de mise en activit\u00e9 des lyc\u00e9ens, sous diverses formes qui permettent de d\u00e9velopper des comp\u00e9tences transversales (autonomie, initiative, cr\u00e9ativit\u00e9, capacit\u00e9 \u00e0 travailler en groupe, argumentation, etc.).<\/p>\n<p>Eduscol : <a href=\"https:\/\/eduscol.education.fr\/2221\/presenter-le-lycee-general-et-technologique-ressources-et-outils-d-information\" target=\"_blank\" rel=\"noopener\">Pr\u00e9sentation Lyc\u00e9e 2023<\/a><\/p>\n<p>Onisep : <a href=\"https:\/\/www.onisep.fr\/Choisir-mes-etudes\/au-lycee-au-cfa\/Au-lycee-general-et-technologique\/les-enseignements-de-specialite-en-voie-generale\" target=\"_blank\" rel=\"noopener\">Les enseignements de sp\u00e9cialit\u00e9 en voie g\u00e9n\u00e9rale<\/a><\/p>\n<table>\n<thead>\n<tr>\n<th>Sp\u00e9cialit\u00e9 num\u00e9rique et sciences informatiques<\/th>\n<th>Horaire \u00e9l\u00e8ve<\/th>\n<\/tr>\n<\/thead>\n<tbody>\n<tr>\n<td>Premi\u00e8re g\u00e9n\u00e9rale<\/td>\n<td>4h<\/td>\n<\/tr>\n<tr>\n<td>Terminale g\u00e9n\u00e9rale<\/td>\n<td>6h<\/td>\n<\/tr>\n<\/tbody>\n<\/table>\n<\/div><\/section>\n","protected":false},"excerpt":{"rendered":"","protected":false},"author":836,"featured_media":0,"parent":0,"menu_order":0,"comment_status":"closed","ping_status":"closed","template":"","meta":{"footnotes":""},"class_list":["post-6041","page","type-page","status-publish","hentry"],"_links":{"self":[{"href":"https:\/\/lyc-poincare-palaiseau.ac-versailles.fr\/index.php?rest_route=\/wp\/v2\/pages\/6041","targetHints":{"allow":["GET"]}}],"collection":[{"href":"https:\/\/lyc-poincare-palaiseau.ac-versailles.fr\/index.php?rest_route=\/wp\/v2\/pages"}],"about":[{"href":"https:\/\/lyc-poincare-palaiseau.ac-versailles.fr\/index.php?rest_route=\/wp\/v2\/types\/page"}],"author":[{"embeddable":true,"href":"https:\/\/lyc-poincare-palaiseau.ac-versailles.fr\/index.php?rest_route=\/wp\/v2\/users\/836"}],"replies":[{"embeddable":true,"href":"https:\/\/lyc-poincare-palaiseau.ac-versailles.fr\/index.php?rest_route=%2Fwp%2Fv2%2Fcomments&post=6041"}],"version-history":[{"count":3,"href":"https:\/\/lyc-poincare-palaiseau.ac-versailles.fr\/index.php?rest_route=\/wp\/v2\/pages\/6041\/revisions"}],"predecessor-version":[{"id":8742,"href":"https:\/\/lyc-poincare-palaiseau.ac-versailles.fr\/index.php?rest_route=\/wp\/v2\/pages\/6041\/revisions\/8742"}],"wp:attachment":[{"href":"https:\/\/lyc-poincare-palaiseau.ac-versailles.fr\/index.php?rest_route=%2Fwp%2Fv2%2Fmedia&parent=6041"}],"curies":[{"name":"wp","href":"https:\/\/api.w.org\/{rel}","templated":true}]}}