{"id":197,"date":"2017-01-27T16:00:36","date_gmt":"2017-01-27T15:00:36","guid":{"rendered":"http:\/\/www.lyc-poincare-palaiseau.ac-versailles.fr\/?page_id=197"},"modified":"2017-09-22T10:08:06","modified_gmt":"2017-09-22T08:08:06","slug":"commerce-com","status":"publish","type":"page","link":"https:\/\/lyc-poincare-palaiseau.ac-versailles.fr\/?page_id=197","title":{"rendered":"Bac Professionnel Commerce &#8211; COM"},"content":{"rendered":"<h2>Bac Professionnel Commerce &#8211; COM<\/h2>\n<h3>Niveau d&rsquo;\u00e9tudes et inscription<\/h3>\n<div class=\"art-box art-sheet\">\n<div class=\"art-box-body art-sheet-body\">\n<div class=\"art-layout-wrapper\">\n<div class=\"art-content-layout\">\n<div class=\"art-content-layout-row\">\n<div class=\"art-layout-cell art-content\">\n<div class=\"item-page\">\n<div class=\"art-box art-post\">\n<div class=\"art-box-body art-post-body\">\n<div class=\"art-post-inner\">\n<div class=\"art-postcontent\">\n<div class=\"art-article\">\n<p>Apr\u00e8s la troisi\u00e8me.<br \/>\nInscription informatis\u00e9e\u00a0 (AFFELNET)\u00a0 par l\u2019\u00e9tablissement d\u2019origine.<\/p>\n<h3>\u00a0Qualit\u00e9s requises<\/h3>\n<p>Aimer communiquer<br \/>\n\u00c9couter<br \/>\nAnimer<br \/>\nEsprit d\u2019initiative<br \/>\nDynamique et cr\u00e9atif<br \/>\nOrganiser<br \/>\nAvoir le sens du contact.<\/p>\n<p>Il est \u00e9galement indispensable de<br \/>\nMa\u00eetriser parfaitement son langage<br \/>\nAvoir une culture litt\u00e9raire<br \/>\nConna\u00eetre l\u2019environnement juridique, \u00e9conomique et social<br \/>\n\u00catre curieux.<\/p>\n<h3>La formation<\/h3>\n<p>La formation est r\u00e9partie sur 3 ans avec une certification interm\u00e9diaire (niveau V).<\/p>\n<p><strong>Un enseignement professionnel<\/strong> qui permet l\u2019\u00e9valuation des comp\u00e9tences suivantes<br \/>\nAnimer<br \/>\nVendre<br \/>\nG\u00e9rer<br \/>\nDroit et \u00c9conomie<\/p>\n<p><strong>Un enseignement g\u00e9n\u00e9ral <\/strong><br \/>\nExpression et ouverture sur le monde<br \/>\nConnaissance du monde contemporain<br \/>\nLangues vivantes<br \/>\nMath\u00e9matiques<br \/>\nArts appliqu\u00e9s<br \/>\n\u00c9ducation physique et\u00a0 sportive (EPS)<\/p>\n<p><strong>Des P\u00e9riodes de Formation en Milieu Professionnel<\/strong> &#8211; PFMP<br \/>\n22 semaines de formation r\u00e9parties en 6 p\u00e9riodes sur les 3 ans.<br \/>\nElles se d\u00e9roulent en unit\u00e9 commerciale (magasin) de petite dimension et au contact avec la client\u00e8le.<\/p>\n<h3>\u00a0Certification interm\u00e9diaire<\/h3>\n<p>MRCU (M\u00e9tiers de la Relation aux Clients et Usagers).<br \/>\nObjectif : Appr\u00e9cier la maitrise des techniques mises en \u0153uvre et l\u2019aptitude du candidat \u00e0 utiliser des documents et outils professionnels dans l\u2019activit\u00e9 de contact avec le client ou l\u2019usager.<\/p>\n<h3>Poursuites d&rsquo;\u00e9tudes<\/h3>\n<p><strong>Acc\u00e8s sur dossiers<\/strong><\/p>\n<p>BTS MUC (Brevet de Technicien Sup\u00e9rieur en Management des Unit\u00e9s Commerciales)<br \/>\nBTS NRC (Brevet de Technicien Sup\u00e9rieur en N\u00e9gociation Relation Clients)<\/p>\n<h3>Le m\u00e9tier<\/h3>\n<p>C&rsquo;est un employ\u00e9 commercial qui intervient dans tout type d&rsquo;unit\u00e9 commerciale, physique ou virtuelle,<br \/>\nSon activit\u00e9 consiste, au sein de l&rsquo;\u00e9quipe commerciale de l&rsquo;unit\u00e9, \u00e0<br \/>\nparticiper \u00e0 l&rsquo;approvisionnement<br \/>\nvendre, conseiller et fid\u00e9liser<br \/>\nparticiper \u00e0 l&rsquo;animation de la surface de vente<br \/>\nassurer la gestion commerciale attach\u00e9e \u00e0 sa fonction.<\/p>\n<p>Il est autonome en entretien de vente, mais il exerce son activit\u00e9 sous l&rsquo;autorit\u00e9 d&rsquo;un responsable.<\/p>\n<\/div>\n<\/div>\n<\/div>\n<\/div>\n<\/div>\n<\/div>\n<\/div>\n<\/div>\n<\/div>\n<\/div>\n<\/div>\n<\/div>\n","protected":false},"excerpt":{"rendered":"<p>Bac Professionnel Commerce &#8211; COM Niveau d&rsquo;\u00e9tudes et inscription Apr\u00e8s la troisi\u00e8me. Inscription informatis\u00e9e\u00a0 (AFFELNET)\u00a0 par l\u2019\u00e9tablissement d\u2019origine. \u00a0Qualit\u00e9s requises Aimer communiquer \u00c9couter Animer Esprit d\u2019initiative Dynamique et cr\u00e9atif Organiser Avoir le sens du contact. Il est \u00e9galement indispensable de Ma\u00eetriser parfaitement son langage Avoir une culture litt\u00e9raire Conna\u00eetre l\u2019environnement juridique, \u00e9conomique et social \u00catre [&hellip;]<\/p>\n","protected":false},"author":836,"featured_media":0,"parent":0,"menu_order":0,"comment_status":"closed","ping_status":"closed","template":"","meta":{"footnotes":""},"class_list":["post-197","page","type-page","status-publish","hentry"],"_links":{"self":[{"href":"https:\/\/lyc-poincare-palaiseau.ac-versailles.fr\/index.php?rest_route=\/wp\/v2\/pages\/197","targetHints":{"allow":["GET"]}}],"collection":[{"href":"https:\/\/lyc-poincare-palaiseau.ac-versailles.fr\/index.php?rest_route=\/wp\/v2\/pages"}],"about":[{"href":"https:\/\/lyc-poincare-palaiseau.ac-versailles.fr\/index.php?rest_route=\/wp\/v2\/types\/page"}],"author":[{"embeddable":true,"href":"https:\/\/lyc-poincare-palaiseau.ac-versailles.fr\/index.php?rest_route=\/wp\/v2\/users\/836"}],"replies":[{"embeddable":true,"href":"https:\/\/lyc-poincare-palaiseau.ac-versailles.fr\/index.php?rest_route=%2Fwp%2Fv2%2Fcomments&post=197"}],"version-history":[{"count":6,"href":"https:\/\/lyc-poincare-palaiseau.ac-versailles.fr\/index.php?rest_route=\/wp\/v2\/pages\/197\/revisions"}],"predecessor-version":[{"id":4201,"href":"https:\/\/lyc-poincare-palaiseau.ac-versailles.fr\/index.php?rest_route=\/wp\/v2\/pages\/197\/revisions\/4201"}],"wp:attachment":[{"href":"https:\/\/lyc-poincare-palaiseau.ac-versailles.fr\/index.php?rest_route=%2Fwp%2Fv2%2Fmedia&parent=197"}],"curies":[{"name":"wp","href":"https:\/\/api.w.org\/{rel}","templated":true}]}}